27?
False
Is 48047606 a multiple of 112?
False
Is 19 a factor of 37449094?
False
Does 712 divide 52670200?
True
Does 347 divide 8080936?
True
Is 22 a factor of 377506?
False
Is 27 a factor of 2929381605?
True
Does 256 divide 25204030?
False
Does 5256 divide 43093944?
True
Does 18 divide 1978720650?
True
Is 4455516 a multiple of 61?
False
Is 2477 a factor of 234376217?
True
Is 209 a factor of 842130597?
True
Does 4 divide 35792516?
True
Does 33 divide 58911600?
True
Is 253055443 a multiple of 16?
False
Is 5647716 a multiple of 1062?
True
Does 50 divide 57277577?
False
Is 77738286 a multiple of 606?
True
Does 3 divide 1253720928?
True
Does 2514 divide 84382740?
False
Is 639330240 a multiple of 228?
True
Is 26672976 a multiple of 594?
True
Is 3357298 a multiple of 6?
False
Is 11 a factor of 75189062?
False
Does 5 divide 333939840?
True
Is 15648987 a multiple of 163?
False
Is 615289925 a multiple of 47?
True
Is 18 a factor of 55403928?
True
Is 2818928952 a multiple of 372?
True
Does 11 divide 56648042?
True
Is 128 a factor of 440142080?
True
Does 210 divide 1914419652?
False
Is 1643 a factor of 3985589400?
True
Is 27 a factor of 668133792?
True
Is 104717760 a multiple of 14?
True
Does 1250 divide 2136736250?
True
Is 35098910 a multiple of 1154?
True
Is 138605624 a multiple of 17?
True
Does 6734 divide 943046133?
False
Is 182 a factor of 14487928?
True
Is 1054893560 a multiple of 938?
True
Is 4 a factor of 42632672?
True
Does 26 divide 37109878?
True
Is 391266624 a multiple of 1984?
True
Is 132529650 a multiple of 25?
True
Is 431861280 a multiple of 12?
True
Is 1864723671 a multiple of 57?
False
Is 19 a factor of 42157637?
True
Is 416 a factor of 578769795?
False
Is 68372919 a multiple of 10?
False
Is 98516672 a multiple of 64?
True
Is 8 a factor of 5001351747?
False
Does 42 divide 104111605?
False
Is 49 a factor of 77941409?
True
Is 7781 a factor of 314453799?
False
Is 692537638 a multiple of 300?
False
Is 142706300 a multiple of 11?
True
Does 162 divide 4877104608?
True
Does 2178 divide 78442848?
True
Is 102433032 a multiple of 13?
True
Does 383 divide 7156738?
True
Does 2642 divide 152234682?
True
Is 71 a factor of 269436125?
True
Does 20 divide 62291520?
True
Does 2096 divide 1584915552?
True
Is 1334014 a multiple of 7?
False
Is 219 a factor of 14556832?
False
Is 49 a factor of 373146287?
False
Does 140 divide 310391438?
False
Is 26298421 a multiple of 45?
False
Does 93 divide 113845742?
False
Is 1905521 a multiple of 58?
False
Is 43264388 a multiple of 1908?
False
Does 1847 divide 434392236?
True
Is 11 a factor of 44929220?
False
Is 3684 a factor of 1409716736?
False
Is 3967564 a multiple of 709?
True
Does 2 divide 12419335?
False
Is 332888788 a multiple of 62?
True
Is 93 a factor of 2238741779?
False
Does 390 divide 1056819159?
False
Is 168 a factor of 1176362376?
True
Is 74411739 a multiple of 14?
False
Does 10 divide 44408564?
False
Is 273243456 a multiple of 18?
True
Is 353398545 a multiple of 405?
True
Is 507 a factor of 25062288?
False
Is 29 a factor of 62753316?
False
Is 55 a factor of 350458735?
True
Is 310 a factor of 53384728?
False
Is 188021982 a multiple of 6768?
False
Does 33 divide 1070325?
False
Is 369 a factor of 355095711?
True
Is 3672399168 a multiple of 576?
True
Does 1299 divide 15055135?
False
Is 97 a factor of 174610407?
False
Does 381 divide 54930877?
False
Does 23 divide 711037341?
True
Is 213 a factor of 1631187441?
True
Does 2529 divide 7818593175?
True
Does 116 divide 344500546?
False
Is 2175333752 a multiple of 3494?
False
Does 2307 divide 6231207?
True
Is 216276412 a multiple of 86?
True
Does 12 divide 1209029076?
True
Does 740 divide 3167940?
True
Is 1575989430 a multiple of 1565?
True
Is 117109736 a multiple of 136?
True
Is 917185837 a multiple of 11?
False
Is 192942 a multiple of 2382?
True
Does 1615 divide 591319850?
False
Does 137 divide 1816470?
False
Is 31 a factor of 2581525?
True
Does 30 divide 31896430?
False
Does 1372 divide 1014231861?
False
Does 15 divide 62823095?
False
Is 225769656 a multiple of 14?
True
Does 1298 divide 638317331?
False
Does 14 divide 1741852221?
False
Does 8 divide 929266101?
False
Does 14 divide 114510088?
True
Is 1238349948 a multiple of 43?
True
Is 30 a factor of 446283360?
True
Is 15699309 a multiple of 1848?
False
Does 494 divide 1777743474?
True
Is 232 a factor of 2384941?
False
Is 10 a factor of 299048810?
True
Is 1238638023 a multiple of 200?
False
Does 70 divide 47326702?
False
Is 482 a factor of 1681755732?
False
Does 216 divide 3380527217?
False
Is 81 a factor of 1468927246?
False
Is 259 a factor of 2659023241?
True
Does 90 divide 51754860?
True
Is 5 a factor of 458970860?
True
Is 964761569 a multiple of 4181?
True
Is 99 a factor of 1224135?
True
Does 1548 divide 21536379?
False
Does 43 divide 11379907?
True
Is 172800 a multiple of 5?
True
Is 62502482 a multiple of 93?
False
Is 23 a factor of 747253252?
False
Is 11 a factor of 19663715?
False
Is 2861 a factor of 426838312?
True
Is 2175829612 a multiple of 5692?
True
Is 140 a factor of 231523460?
True
Is 432713760 even?
True
Is 2032714220 a multiple of 20?
True
Is 204930292 a multiple of 28?
True
Does 218 divide 35789496?
True
Is 46763300 a multiple of 25?
True
Does 8 divide 71565224?
True
Is 5795624 a multiple of 132?
False
Does 180 divide 11959200?
True
Is 1156737884 a multiple of 6428?
True
Is 6845846 a multiple of 14?
True
Does 31 divide 40719473?
False
Does 657 divide 1040507912?
False
Does 19 divide 10115142?
False
Is 207728502 a multiple of 323?
False
Is 24 a factor of 21995208?
True
Is 1648458224 a multiple of 6?
False
Does 971 divide 441560308?
True
Is 322849296 a multiple of 462?
True
Is 24950265 a multiple of 1728?
False
Is 31 a factor of 269009041?
True
Is 894 a factor of 25271592?
True
Is 2457896095 a multiple of 5404?
False
Is 1495 a factor of 1566411104?
False
Does 530 divide 158571630?
False
Is 537 a factor of 5689223?
False
Is 30574851 a multiple of 583?
False
Is 51828969 a multiple of 425?
False
Does 15 divide 730872023?
False
Is 11231 a factor of 1735494537?
False
Is 770962138 a multiple of 160?
False
Does 403 divide 6367683319?
False
Is 875729782 a multiple of 4889?
False
Is 343349531 a multiple of 31?
False
Does 15 divide 38364870?
True
Is 39219579 a multiple of 27?
True
Is 9 a factor of 177372789?
False
Is 747637558 a multiple of 178?
True
Does 5156 divide 774183712?
True
Is 196099023 a multiple of 4?
False
Is 200759890 a multiple of 106?
False
Is 90397746 a multiple of 3?
True
Is 1048719 a multiple of 8?
False
Is 96 a factor of 578586720?
True
Is 11453642 a multiple of 34?
False
Is 17 a factor of 1377923831?
True
Does 314 divide 109399713?
False
Is 23 a factor of 100587832?
True
Does 406 divide 239550614?
False
Is 161310534 a multiple of 21?
True
Is 3101112 a multiple of 28?
True
Is 160 a factor of 44701760?
True
Does 518 divide 1287079804?
False
Does 107 divide 910411319?
True
Is 1073949589 a multiple of 36?
False
Is 7274082 a multiple of 498?
False
Is 104018736 a multiple of 90?
False
Is 288221470 a multiple of 20?
False
Does 271 divide 478239391?
True
Is 143969 a multiple of 323?
False
Is 28 a factor of 409916831?
False
Does 30 divide 1620120063?
False
Is 4776 a factor of 203120243?
False
Is 208 a factor of 403287432?
False
Does 83 divide 1772535?
False
Is 30 a factor of 32105490?
True
Does 49 divide 30824004?
False
Does 2025 divide 1159246436?
False
Does 314 divide 10863772?
True
Does 1718 divide 45953064?
True
Does 500 divide 115047758?
False
Is 1054 a factor of 65344838?
True
Is 16847115 a multiple of 2244?
False
Does 63 divide 21361824?
False
Is 32067 a multiple of 3?
True
Does 675 divide 99548670?
False
Is 1028774491 a multiple of 78?
False
Is 65091105 a multiple of 305?
False
Is 3971 a factor of 305965550?
True
Is 387578377 a multiple of 32?
False
Is 269228400 a multiple of 105?
True
Is 930402132 a multiple of 72?
False
Is 3939720 a multiple of 4?
True
Is 179 a factor of 101458632?
True
Does 1296 divide 644966132?
False
Does 11 divide 6329217?
False
Is 77597765 a multiple of 11?
False
Does 504 divide 269655557?
False
Does 181 divide 274289690?
False
Is 33408498 a multiple of 17?
False
Is 4 a factor of 2380872?
True
Is 4680 a factor of 528315840?
True
Does 18 divide 70344520?
False
Is 2